What is the units digit of b?
2
Let h = 64 - 41. What is the tens digit of h?
2
Let g be (2 - 0)*15/(-6). Let k = -1 - g. Suppose -1 = r, -k*r - 12 = -3*f + 10. What is the units digit of f?
6
Let q(p) = -p**3 - 9*p**2 + 9*p - 7. Let f be q(-10). Let c be (-2 + f + -2)*-2. Suppose 0 = c*t + r - 16, 2*t - 2*r = 3*r + 16. What is the units digit of t?
8
Suppose -14 + 2 = -3*k - s, -5*s = 0. Let n = k + -1. Suppose -5 - n = -d. What is the units digit of d?
8
Let u(s) = s + 5. Let n(o) = 2*o. Let i be n(-2). Let c be u(i). Suppose 0 = -q - 0 + c. What is the units digit of q?
1
Let b = 179 + 47. What is the units digit of b?
6
Let j be 4/(-10) + 8/20. Suppose j = -3*m - 5*t - 6, -3*t - 17 = -m - 5. Suppose -m*k - 3 = -9. What is the units digit of k?
2
Let l be 188/(-8) - 2/4. Let u = -4 - l. What is the tens digit of u?
2
Suppose 3*z = -6 - 0. Let g be -1*(z - -2) - 9. Let d(a) = -a**3 - 10*a**2 - 9*a + 13. What is the tens digit of d(g)?
1
Let l = -204 - -292. Let r = l + -38. What is the tens digit of r?
5
Let p(j) = 2*j**2 - 2*j - 2. Let u be p(2). Suppose 0*k - 2*k = -2*q + u, -3*k - q + 1 = 0. Suppose -4*n + k*n = -40. What is the tens digit of n?
1
Let f be (-2 + 0 + -1)*-13. Suppose f = 2*c - 1. What is the units digit of c?
0
Suppose 4*i - 141 = -4*l + 7, -2*i = -2*l - 74. What is the tens digit of i?
3
Suppose 0 = -4*b - 8, 5*s - b = 161 + 36. What is the units digit of s?
9
Suppose o + 2*j - 8 = -37, -j - 4 = 0. Let d be (o/(-14))/((-6)/(-8)). What is the tens digit of 10/(d/(-6) - -1)?
1
Let n be -4 - -1 - 20/(-2). Suppose 0 = w - 2*w - 3*l + 7, -l - n = 5*w. Let g = w - -18. What is the units digit of g?
6
Suppose 36 = 3*c + c. Let o = c + -3. What is the units digit of o?
6
Let c be ((-12)/(-14))/(19/266). Suppose 4*p - p = c. What is the units digit of p?
4
Let o = 12 + -7. Suppose 15 = -2*h + o*h. Let n(r) = r**3 - 4*r**2 - 4*r - 1. What is the units digit of n(h)?
4
Let x(w) = -w**3 - 4*w**2 + 8*w + 3. What is the units digit of x(-6)?
7
Let t(z) = -10*z - 23. What is the tens digit of t(-12)?
9
Suppose 2*x + 5*d = 22, 4*x - 61 = 5*d - 17. What is the tens digit of x?
1
Suppose 2*n = 3*y + 149, -3*n + 201 = -2*y + 5*y. What is the units digit of n?
0
Let d = 34 - -5. What is the tens digit of d?
3
Let d be 10*(0 + (1 - 0)). Suppose -d - 14 = 4*u. What is the units digit of u/21 - (-9)/7?
1
Let y(q) = -3*q**3 - q**2 + q + 2. Let s(o) = -o**2 - 7*o - 2. Let p be s(-7). What is the tens digit of y(p)?
2
Let j(d) = 2*d**2 - 15*d + 10. What is the units digit of j(7)?
3
Suppose 89 = 5*r + 29. What is the units digit of r + 1 + 0 + 0?
3
Let y(w) be the third derivative of 7/60*w**5 - 1/120*w**6 - 2*w**2 + 0*w**4 + 1/3*w**3 + 0 + 0*w. What is the units digit of y(7)?
2
Let l = 9 + -31. Let s(c) = 9*c + 3. Let u be s(-2). Let z = u - l. What is the units digit of z?
7
Suppose -416 = -7*q - 94. What is the tens digit of q?
4
Let q = -135 - -286. What is the units digit of q?
1
Suppose 4*a = 8*a - p - 897, -3*p + 909 = 4*a. What is the tens digit of a?
2
Let g(y) be the third derivative of -y**4/24 - y**3/2 + y**2. Let t be -5*(3 - 1)/2. What is the units digit of g(t)?
2
Suppose g = -g. Let f be 0 - g/(-1) - 3. What is the units digit of f - -24 - (5 - 2)?
8
Let o = 185 + -132. What is the units digit of o?
3
Let l = -20 + 50. What is the units digit of l?
0
Let t(h) = h**2 - 1. Let j(y) = y**2 + y - 11. Let k(n) = -j(n) + 2*t(n). What is the units digit of k(0)?
9
Suppose 2*p = z + 10, 4*p - 5*z = -2*z + 20. What is the units digit of p?
5
Suppose -4*o + 57 = -r, 4*o + o = r + 71. What is the units digit of o?
4
Let o = 21 - -1. What is the units digit of o?
2
Let i = 0 - 3. What is the units digit of 2/i*(-7 - -1)?
4
Let m(c) = -c**2 - 19*c. What is the units digit of m(-17)?
4
Let p = -7 + 7. Suppose 0 = -5*i - 10, p = -f - 3*i - i - 7. What is the units digit of f?
1
Let n = -5 + 9. Suppose 0 = 3*o - 14 + 2. Suppose -z + o*z + m - 64 = 0, -n*m - 4 = -z. What is the units digit of z?
0
Let q be (24/20)/(1/5). Suppose 0 = -4*v + 7*v - q. Suppose -5*g + z - 1 = -v, -g - 3*z = -13. What is the units digit of g?
1
Suppose 2*c - 52 = -5*f, -2*f = 2*f - 8. Let d = c - -1. What is the units digit of d?
2
Let n(p) = -p**3 + 6*p**2 + 5*p + 5. Let x be n(5). Suppose -x = -2*m - 2*m + l, 70 = 4*m + 2*l. What is the units digit of m?
5
Let p = 70 - -113. What is the tens digit of p?
8
Suppose -4*c + 1216 = 4*n, -3*c + 3*n + 608 = -c. What is the tens digit of c?
0
Let x = 28 - -2. What is the tens digit of x?
3
Let m(o) = o**3 + 17*o**2 + 3*o + 3. What is the hundreds digit of m(-16)?
2
Suppose -4*h + 28 = -4*c, -4*h - 3*c + 12 = 5. Let r(w) = 2*w - 3 + 4*w + 0*w - w**2. What is the units digit of r(h)?
5
Let h be 45 + -1 + -1 + 5. Let k = h - 10. What is the tens digit of k?
3
Let w(r) = -r - 9. What is the units digit of w(-17)?
8
Let c(u) = 11*u**3 + 2*u**2 - u. Let q be 4/2*2/4. Let a be c(q). Suppose 5*r + a = 2*i, 4*r = -4*i + i + 18. What is the units digit of i?
6
What is the tens digit of 329*(4 - (0 + -2 - -5))?
2
Let h = -5 - -13. Suppose -5*s - 151 = -5*p - h*s, -2*s - 141 = -5*p. What is the tens digit of p?
2
Let s(l) be the first derivative of -l**4/4 + 7*l**3/3 - 7*l**2/2 + 1. Let t be s(6). What is the units digit of (-20)/(-6) + t/(-9)?
4
Let g be 0/1 - (1 + -1). Suppose g = -0*p + 3*p - 39. What is the tens digit of p?
1
What is the units digit of (-1 - (-10)/(-8))/((-1)/24)?
4
Let z be (-2)/7 + (-114)/42. Let v be -24*4*1/z. Let p = v - 17. What is the units digit of p?
5
Let v be 1/(-2*3/(-60)). Suppose -v = 2*y, -l + y = l - 23. Suppose 0*s = s - l. What is the units digit of s?
9
Let v(p) = -p + 1. Let g be v(2). What is the units digit of (g - 2)*1 + 25?
2
Let k = 3 + -3. Suppose 126 + k = 3*j. What is the tens digit of (-2)/(122/j - 3)?
2
Suppose 5*q = 2*c - 100, -3*q = -5*c + 2*c + 150. What is the units digit of c?
0
Suppose -4*h = 4*x - 20, 2*h + 3*x = -x + 12. Suppose o + 2*o - k - 20 = 0, 5*k = h*o - 45. What is the units digit of o?
5
Suppose 4*a + 2*i + 20 = i, 3*a = -i - 14. Let o = a + 9. What is the units digit of o?
3
Let j be -9*3/(-9*1). Suppose -4*z + 16 = -j*z. What is the tens digit of z?
1
Let x be (-38)/(-4) - (-2)/4. Suppose -u + 3*j + 2*j - x = 0, 3*j = 2*u - 1. Suppose 3*n + 30 = 2*d - n, d + u = -2*n. What is the units digit of d?
5
Suppose v = -v + 52. What is the tens digit of v?
2
Suppose 8 = -4*u - 2*q, 0*u - 3*q = -u + 12. Suppose u = -7*w + 3*w + 132. What is the units digit of w?
3
Suppose -p - 1 = t - 7, 5*t + 4*p = 29. Suppose t = d - 7. What is the units digit of d?
2
Suppose 0 = 2*w - 4*w + 4. Suppose u + 6 = -2*u + 3*n, 3*u - w*n + 2 = 0. What is the units digit of u?
2
Suppose 34 = 2*d - 12. What is the tens digit of d?
2
Suppose 15 + 28 = v. Suppose 0 = 3*k - 6*z + z + v, 0 = -3*k + z - 59. Let p = k - -34. What is the tens digit of p?
1
Let i = -7 + 9. What is the units digit of i?
2
Let u = -9 - -15. Suppose 0*i + 3*i - 6 = 0. Suppose -t + i = -u. What is the units digit of t?
8
Suppose 2*o - 4*o = 0. Suppose o*p = 3*p - 102. What is the tens digit of p?
3
Suppose 5*j - 45 = -5*h, -h + 20 = -6*h. What is the units digit of j?
3
Let z be 1 - (2 - 1 - -9). Let x = 11 - z. What is the units digit of x?
0
What is the units digit of ((-36)/(-8) - 4)*44?
2
Let n(a) = a**3 - 7*a**2 + 4*a - 10. Let k be n(7). Let b be 1/(57/k - 3). Suppose -2*w - b*o = -2*o - 22, 0 = 5*w + 3*o - 55. What is the units digit of w?
1
Let n = -164 + 234. What is the tens digit of n?
7
Let k = 3 + 4. Suppose k*n - 3*n = 40. What is the tens digit of n?
1
Let z(f) = -f**3 - 5*f**2 + 5*f + 4. Suppose -2 - 4 = h. What is the tens digit of z(h)?
1
Let h(v) = -v**3 + 4*v**2 - 4*v + 1. Let f be h(3). Let o be (-1 - -3) + f + 0. Suppose o = -5*y - 10, -4*s = 5*y - 0*y - 2. What is the units digit of s?
3
Suppose 2*w = 6*w - 8. Suppose 5*i - 36 = w*i. What is the tens digit of i?
1
Let h = -84 + 134. What is the units digit of h?
0
Let c(z) = 6*z + 2. What is the tens digit of c(2)?
1
Suppose -u - 4*x = 3*u - 824, -2*x = 5*u - 1027. What is the hundreds digit of u?
2
Let u = 42 + -22. What is the units digit of (18/4)/(6/u)?
5
Let x = -22 - -6. Let n be (-4)/x - (-2)/(-8). Suppose n = -y + 4. What is the units digit o